0 = 3*x + 114 - 90. List the prime factors of p(x).
2
Suppose x = -x - 12. Let k be 16/((-21)/x - 3). Suppose k - 7 = n. What are the prime factors of n?
5
Let x be 5/(-20) + 23/(-4). Let c be x + 9 + 53*1. Suppose 0*s - c = -2*s. What are the prime factors of s?
2, 7
Suppose -5*y + 30 = -0*y. Let c be 33*16/36*y. Suppose -c = 2*f - 6*f. What are the prime factors of f?
2, 11
What are the prime factors of 681 + 19 - (-2 - 0)?
2, 3, 13
Let o = -21 + 38. Suppose 4*l + 1 = o. Suppose 4*t + 20 + 32 = l*z, 24 = 2*z - 3*t. List the prime factors of z.
3, 5
Suppose 33*f - 679 = 40*f. Let t = 130 + f. What are the prime factors of t?
3, 11
Let h(k) be the third derivative of 7*k**4/12 + k**3/6 - 2*k**2. Let x(z) = -z - 2. Let c be x(-3). What are the prime factors of h(c)?
3, 5
Let i(w) = w**2 + 2*w - 4. Let a be i(3). Suppose a*j - 68 = 10*j. What are the prime factors of j?
2, 17
Let g = 18 - 16. Let p = g - -13. List the prime factors of p.
3, 5
Suppose -16*m + 11*m - 1103 = -3*b, -b = -5*m - 351. What are the prime factors of b?
2, 47
Suppose 429*j - 18016 = 421*j. What are the prime factors of j?
2, 563
List the prime factors of 1239938/1023 + (-4)/66.
2, 3, 101
Let q = 1 - -1. Suppose 0 = w - 57 + 55. Suppose -q*x = 3*g - 63, x - 3*g - 7 = w. List the prime factors of x.
2, 3
Let q = 796 + 38. List the prime factors of q.
2, 3, 139
Let x be (10/(-8))/((-2)/8). Suppose f - 46 = -3*y, 0*f + x*f = y + 246. Suppose j + 2*u = 33, 2*u = 5*j - f - 68. List the prime factors of j.
5
Let p = 175 - 141. Let r = 25 + -5. Let k = p - r. List the prime factors of k.
2, 7
List the prime factors of 186*9 + 23 + -33.
2, 13
Let n(r) = -r**2 + 10*r - 5. Let b be n(9). Suppose -b*x + 53 + 91 = 0. Suppose 3*a - 5*m - x = 0, a + 0*a = 5*m + 22. What are the prime factors of a?
7
Let b(x) = 52*x**2 + 28*x - 13. What are the prime factors of b(-7)?
2339
Suppose 2*k = 4*c + 112, 88 + 15 = 2*k + 5*c. Let z = k - 14. What are the prime factors of z?
2, 5
List the prime factors of (-1472)/1840 - 2/((-20)/32538).
3253
Let g(i) = 2*i**3 - i**2 - 3*i + 3. Let y be g(2). Suppose v + y = 12. Suppose 2*k - 4*k - v*o = -121, 2*o = 2*k - 116. List the prime factors of k.
59
Suppose 0 = 5*z - 30. Suppose -u + z = 3. Suppose -u*g = -f + 2*g + 20, 62 = 2*f + g. List the prime factors of f.
2, 3, 5
Let b be (8/16)/((-1)/(-2)). What are the prime factors of b - -1 - (21 + -69)?
2, 5
Suppose -3552 = 171*f - 173*f. What are the prime factors of f?
2, 3, 37
What are the prime factors of ((-4)/1)/12*-723?
241
Let a = 363 + 223. List the prime factors of a.
2, 293
Suppose -1 + 9 = 4*l. Suppose -5*u + l*u - 9 = 0. Let r(o) = 3*o**2 - 4*o - 4. What are the prime factors of r(u)?
5, 7
Let z(b) = -2*b**3 - 31*b**2 + 4*b - 32. List the prime factors of z(-17).
13, 59
Suppose 0 = -3*a + 134 - 32. Suppose 0*c = 2*c - a. Let o = c + 39. What are the prime factors of o?
2, 7
Suppose 0 = -r - 4*r. Let y(q) = -q**3 + q**2 - 2*q + 11. Let a be y(r). Suppose 10*c - a*c = -60. What are the prime factors of c?
2, 3, 5
Suppose 3*s + 5973 = 4*p, p + 0*p - 4*s = 1503. What are the prime factors of p?
3, 7, 71
List the prime factors of ((-7)/((-105)/250))/(9/27).
2, 5
Suppose -3*y + 3117 = -351. List the prime factors of y.
2, 17
Suppose 7*s - 81 = 1984. What are the prime factors of s?
5, 59
Let f(d) = 10*d**2 + 3*d - 7. List the prime factors of f(-6).
5, 67
What are the prime factors of (33/4)/((-7)/((-12432)/18))?
2, 11, 37
Let k(m) = m**3 + 8*m**2 + 8*m + 10. Let a be k(-7). Suppose -4*f - 12 = 0, -2*c - a*c - 5*f + 295 = 0. List the prime factors of c.
2, 31
Suppose 3*z - 342 = 5*r, z = 3*r + 91 + 27. List the prime factors of (2/(-6))/((-2)/18) + z.
2, 7
Let l(x) be the first derivative of x**4/4 + 2*x**3 - 19*x**2/2 + 4*x - 22. What are the prime factors of l(-8)?
2, 7
Let u(d) = 24*d - 3. Let s = -18 + 20. What are the prime factors of u(s)?
3, 5
Let s be 3/2*(-238)/21. Let d(i) = -i**2 - 17*i + 5. Let b be d(s). Suppose -b*j + 4*w + 28 = 0, 0*j - 4 = j + 4*w. List the prime factors of j.
2
Let a(i) = 5*i - 2. Suppose -v - 4*g - 7 = 0, -2*g = -4*v + 31 - 5. List the prime factors of a(v).
23
Suppose -1452 = 15*h - 26*h. List the prime factors of h.
2, 3, 11
Let u(v) = 23*v**2 + 8*v + 7. Let b be u(-5). Let o = b - 363. List the prime factors of o.
179
Suppose 5*q + 36 = -b, 28 = -2*b + 2*q - q. Let h = b + 46. Suppose 0 = -o + h - 9. List the prime factors of o.
3, 7
Let p(b) = 2*b**2 + 46*b + 213. List the prime factors of p(-23).
3, 71
Suppose -2*p + 0*p = -3*r - 14, p - 2 = -r. Suppose -2*x = 5*h - 2, p*x - 14 = -2*h - 3*h. List the prime factors of x.
2, 3
Suppose -10 = -u + 4. Suppose 0 = t + 6*y - 3*y, 2*t - y = u. List the prime factors of ((-345)/(-20))/(t/16).
2, 23
Let m(n) = 2*n**3 + 14*n**2 - n**3 - 488 + 495 + 8*n. List the prime factors of m(-13).
2, 3
List the prime factors of -1*3/(6/(-446)) + 3.
2, 113
Let a(f) = f**2 - 8*f - 4. Let m = 3 - -6. Let l be a(m). Suppose g - l*g - 72 = -5*x, 4*g = x - 8. List the prime factors of x.
2
Let x(l) = -l**2 - 10*l + 5. Let g(k) = -5*k - 5. Let m be g(-2). Suppose m*z + 6 = -3*p - 24, 4*z = 0. What are the prime factors of x(p)?
5
Let i be ((-14)/(-6) + -3)*-9. Suppose 2*a = -i - 26. Let g = a - -51. What are the prime factors of g?
5, 7
Let u be (-15)/10*((-3 - 4) + 1). Suppose -19*a + u*a = -1510. What are the prime factors of a?
151
List the prime factors of (-4)/2 - (-9958)/26.
3, 127
Let v = 573 + -302. What are the prime factors of v?
271
Suppose -42*a = -20484 - 38820. What are the prime factors of a?
2, 353
Suppose -89*b + 43*b + 71300 = 0. List the prime factors of b.
2, 5, 31
List the prime factors of 2/16 - 41986/(-112).
3, 5
Suppose -3*h - 66 = 15. Let y = 4 + h. Let f = 70 + y. What are the prime factors of f?
47
Let i(b) = 2*b - 2. Let m be i(-4). Let t(r) = -r + 8. Let d be t(-2). List the prime factors of (-6)/d + (-146)/m.
2, 7
Suppose -4*m - 6 = -2*s, 5 = -3*m - 0*m + 2*s. List the prime factors of -8*m/2 - -72.
2, 19
Let y(t) = 7*t**3 - 15*t**2 - 3*t + 10. Let m(n) = -5*n**3 + 12*n**2 + 2*n - 9. Let l(o) = 3*m(o) + 2*y(o). Let x = 9 - 4. List the prime factors of l(x).
2, 3
What are the prime factors of (1025 - 50) + 18/2?
2, 3, 41
What are the prime factors of (-4 - (9 - 8))*1182/(-15)?
2, 197
Let r = 4 - 0. Suppose 3*y - 5*u - 42 = 0, u = r*y - y - 54. Suppose -8 = -3*h + y. What are the prime factors of h?
3
Let q(g) = -5*g**2 - g + 249. List the prime factors of q(0).
3, 83
Let z be ((-63)/14)/((-2)/4). Let q be z*(-2)/(-24)*4. What are the prime factors of q - ((-4 - -1) + 4)?
2
Let f(t) = 11*t**2 + 14*t + 2. Let s be f(6). Suppose -s = -11*o - 174. What are the prime factors of o?
2, 7
What are the prime factors of (524 - (-3 - 5))/2?
2, 7, 19
Let g(p) = -41*p**3 - 8*p**2 + 4*p + 4. What are the prime factors of g(-2)?
2, 73
Suppose 2*c - 8*k - 232 = -11*k, -2 = k. What are the prime factors of c?
7, 17
Suppose o - 11 = 2*x + 9, 5*o = -x - 32. Let t = 76 + x. What are the prime factors of t?
2
Suppose -5*m = -5*a + 585, -581 = -5*a + m - 0*m. What are the prime factors of a?
2, 29
Let i(f) = 44*f + 63. List the prime factors of i(6).
3, 109
Let d(m) = 26*m**2 + 3*m + 48. What are the prime factors of d(-5)?
683
Let v be 2/(-2) - ((2 - -1) + -13). List the prime factors of ((-942)/v)/(((-14)/(-3))/(-7)).
157
Let k(o) = 14*o**2 - 2 - 3*o + 1 + 3. List the prime factors of k(-2).
2
Suppose 4*a - 5184 = -0*a. List the prime factors of a.
2, 3
Suppose -2*k = -2*i - 16, 0 = -k + 4*i + 25 - 2. Let b(o) = 10*o**3 - 2*o**2 + 8*o - 12. What are the prime factors of b(k)?
2, 3, 11
Suppose 2*q + 4*u = 1062, -q + 6*u = u - 566. List the prime factors of q.
541
Let k(u) = -u**3. Let d(r) = -r - 9. Let t be d(-8). Let p(s) = 5*s**2 + 5*s - 4. Let n(x) = t*p(x) + k(x). What are the prime factors of n(-4)?
2
Suppose g + 34 = -0*g. Let v = 116 + -63. Let o = g + v. List the prime factors of o.
19
Let f be 16/56 - 38/(-14). Suppose -2*a + 5*a + d = -7, 3 = -f*d. List the prime factors of (24 + 0)*a/(-3).
2
Let y = 84 + -81. Suppose -v + 334 = -5*i, -v = v + y*i - 629. List the prime factors of v.
11, 29
Let y(f) = 495*f**2 + 11*f - 14. List the prime factors of y(2).
2, 7, 71
Let m(b) = -b**3 - 16*b**2 - 4*b - 14. Let o be m(-15). W